 d(l) = -20*l + 87. Let w be d(5). What is the units digit of p(w)?
2
Let v(q) = q**2 - 5*q - 4. Let d be v(-6). Let f = 238 + d. What is the units digit of f?
0
Let q = -64 - -293. Let w = q + -114. Let f = -54 + w. What is the units digit of f?
1
Let r be (0/(-2))/(-10 + 9 + 5). Suppose r = 18*w - 13*w - 315. What is the units digit of w?
3
Suppose -3*o - 758 = -4*x, 2*o - 5*x + 2*x + 506 = 0. Let r = 402 + o. What is the tens digit of r?
5
Let b = -6006 + 6241. What is the units digit of b?
5
Let w = -79 + 91. Suppose 12066 = w*f + 4638. What is the hundreds digit of f?
6
Suppose 4*u - 5*u = 0. Suppose u = -12*f - f. Suppose f*g - 604 = -3*n + g, 5*g + 584 = 3*n. What is the units digit of n?
3
Let m(a) be the second derivative of a**4/12 - 7*a**3/2 - 34*a**2 - 7*a + 2. What is the units digit of m(-6)?
4
Let z(v) = 29*v - 16 - 9 - 88*v. What is the tens digit of z(-10)?
6
Let j = 29133 - 16698. What is the hundreds digit of j?
4
Let d = 721 - 722. What is the tens digit of (2 - d) + -6 + 1436/2?
1
Let g be (3 + -23)/(-1)*(-12)/(-15). Suppose -g*w + 4152 = -1416. What is the tens digit of w?
4
Let g = -1047 - -1031. Let r = g + 1873. What is the hundreds digit of r?
8
Suppose -77*j + 78*j - 19651 = 0. What is the hundreds digit of j?
6
Suppose -1990854 - 1330233 = -121*b. What is the ten thousands digit of b?
2
Let i(g) = 246*g + 2. Let x be i(1). Let p = x + 62. What is the units digit of p?
0
Suppose -13 = m - 4*l, 0 = 3*m - 0*m + 5*l - 29. Let t be 34/51 - 2/m. Suppose 3*n + x - 25 = t, 2*n + 2*x - 3 = 11. What is the units digit of n?
9
Suppose -5*d + 47098 = -b, -198*d - 5*b - 9434 = -199*d. What is the tens digit of d?
1
Suppose 0 = -3*c + 1229 + 3718. Suppose -5*w + 5184 = c. Suppose 15*d = 22*d - w. What is the units digit of d?
1
What is the thousands digit of -2 - ((-160)/(-240) - 11573/3)?
3
Let j(z) = 22*z + 2. Let y be j(-1). Let b = y + 24. Suppose -395 = -l - b*l. What is the tens digit of l?
7
Let r = 1715 - 1711. Let q be 3 + (-1 - 0 - 0). Suppose 2*n - 4*b - 208 = 0, -r*n - 3*b = -q*n - 215. What is the hundreds digit of n?
1
Let r be (70/49)/(3/105). Suppose 0 = -4*f - 398 + r. What is the units digit of (-2)/24*f*24?
4
Let f(m) = -1236*m**3 - 29*m - 40. What is the tens digit of f(-2)?
0
What is the thousands digit of 72135/9 - (-20 - -8)?
8
What is the tens digit of 12997 - (-3 + 1)*6/(-12)?
9
Let u(r) = r**3 + 6*r**2 + 17*r + 71. Let w be u(-5). Suppose -3*o = -4*a + 1991, 14*a = w*a - 3*o + 1509. What is the hundreds digit of a?
5
Suppose 4 = -9*s + 11*s. What is the tens digit of 6/4*(s - 34/(-3))?
2
Let c(u) = -2*u**3 + 3*u**2 + 88*u + 15128. What is the thousands digit of c(0)?
5
Suppose 0*y - 7*y - 528708 = -19*y. What is the ten thousands digit of y?
4
Let w = 117 + -112. Suppose -4*i + 5*i = -3*k - 19, -4*i + w*k = -9. What is the hundreds digit of (-6)/(((-1)/i)/((-18)/3))?
1
Suppose 11*h - 743 - 137 = 0. Suppose 0 = 8*a - 3*a - h. What is the tens digit of a?
1
Suppose -220*r + 4852782 = -1309198. What is the units digit of r?
9
Suppose -b = -3*v + 286, -15 = 8*v - 5*v. What is the tens digit of (-2)/(-8)*(-5 - (4 + b))?
7
Suppose 38*x - 35*x = 1401. Let t = -208 + x. What is the hundreds digit of t?
2
Let m = 71 - 71. Suppose m = -56*d + 5174 + 74178. What is the hundreds digit of d?
4
Suppose -812280 = -3877*c + 3863*c. What is the units digit of c?
0
Let n(r) = -r**2 + 8*r - 8. Let i = -22 - -10. Let s(d) = -3*d - 34. Let o be s(i). What is the units digit of n(o)?
4
Let d = 4329 + -1298. What is the hundreds digit of d?
0
Let u be (-4 - -1)/(24/10976). Let r = -733 - u. Suppose 3*t = 5*b - r, 4*t = -4*b + 3*t + 518. What is the tens digit of b?
2
Suppose -4*n - 11 = d - 0*d, 16 = -2*n - 4*d. What is the units digit of (11/(-33))/(321/162 + n)?
8
Let y(b) = -b**3 + 16*b**2 + 17*b + 6. Let k be y(17). Suppose 0 = -a - 3*a + k*a. Suppose -23*u + 20*u + 204 = a. What is the tens digit of u?
6
Suppose -j + 6*j + 1790 = -5*s, 2*s + 696 = 3*j. Let k = s - -524. What is the tens digit of k?
7
Let o(c) = c**2 + 12*c - 14. Let y be o(-12). Suppose 0 = 3*w + 6 - 54. What is the tens digit of w/(-56) - 704/y?
5
Suppose -5*p + 63 + 92 = 0. Let n = -27 + p. Suppose -4*j + n*u = -284, -5*j - u + 162 = -181. What is the units digit of j?
9
What is the hundreds digit of (-173842)/(-20) + 15/30 + 63/(-105)?
6
Let l = 643 - -153. Let y = l - 452. What is the tens digit of y?
4
Let o = 11148 + -6458. What is the tens digit of o?
9
Suppose -24*z - 1881 = -122697. What is the tens digit of z?
3
Suppose -4*w + 769 = -1199. Suppose -11*p + 3176 = w. What is the tens digit of p?
4
Let r(f) = 68*f + 40*f - 28*f + 10 + 70*f. Let a be r(4). Suppose 13*h - a = 8*h. What is the hundreds digit of h?
1
Let u = -461 - -663. Let g = 131 + u. What is the hundreds digit of g?
3
Suppose 2*j - 756 = -2*x, x = 121*j - 118*j - 1142. What is the hundreds digit of j?
3
Suppose 1386 = -10*g + 3*g. Let r = -60 - g. What is the tens digit of (35/15)/7*r?
4
Suppose 176*p + 5*t = 170*p + 65639, 0 = p + 4*t - 10943. What is the tens digit of p?
3
Let q(x) = -x**2 - 5*x + 49. Let w be q(-9). Let t(j) = 5*j**2 + 28*j + 16. What is the thousands digit of t(w)?
1
Let r(z) = -70*z**2 - 4*z - 5. Let p(m) = -70*m**2 - 5*m - 6. Let d(h) = 5*p(h) - 6*r(h). Let i be 88/(-55) - (-12)/20. What is the units digit of d(i)?
1
Let a = -34 - -36. Suppose 0 = -16*k + a*k + 17360. Suppose -b + k = 4*b. What is the hundreds digit of b?
2
Suppose -4*v = 22*v + 9*v - 305305. What is the units digit of v?
3
Suppose 1915 = 2*u + 3*h + 794, -2*u + 5*h = -1129. Let g = u + -425. What is the hundreds digit of g?
1
What is the tens digit of (50/80)/((-1)/(-8)) + 6210?
1
Let g = -891 + 905. What is the tens digit of (0 - (-789)/(-2))/(g/(-28))?
8
Suppose 10*a = 11*a + 12. Let g = a + 28. Suppose 4*i = g, i - 789 = -3*k - 2*k. What is the units digit of k?
7
Let z be 270/(-38) - 12/(-114). What is the units digit of (1356/z)/((-50)/175)?
8
Suppose 5*t = 11*t - 4134. Let s = 1152 - t. What is the units digit of s?
3
Let f(q) = q**3 + 66*q**2 + 47*q + 187. What is the tens digit of f(-45)?
9
Suppose -45802*u + 82110 = -45781*u. What is the tens digit of u?
1
Let r(o) = -8*o**2 + 1307*o + 36. What is the hundreds digit of r(123)?
7
Suppose -5*m + 57 = 12. What is the units digit of ((-120)/(-7))/(m/63)?
0
Let m = -262 + 303. Suppose m*d - 22*d = 25422. What is the tens digit of d?
3
Let o be 1*0/(4 - 6). Suppose -8 = -2*c, o*b = b + 4*c - 21. Suppose b*i - 258 = 372. What is the units digit of i?
6
Suppose 5786 = -30*t + 41*t. Suppose 8*y - 778 - t = 0. What is the hundreds digit of y?
1
Suppose q = 5*m + 3, -5*m - 9 = 2*q - 10*m. What is the tens digit of ((-9912)/q)/(3 - (-3 - -4))?
1
Let b = -1344 + 2791. What is the thousands digit of b?
1
Suppose 0 = -l + 3*h + 19 + 7, 5*l + 5*h - 110 = 0. Suppose l*d - 14447 - 27528 = 0. What is the units digit of d?
5
Let n(w) = 57*w**3 - w**2 + w - 2. Let m be n(2). Let j = m + -791. Let z = -203 - j. What is the units digit of z?
6
Suppose -5*o - 875 = -5*c, 0 = -3*o - 2*c + 3*c - 531. Let i = 695 - 416. Let a = o + i. What is the units digit of a?
1
Let i(r) = 7*r**2 - 30*r + 31. What is the units digit of i(-38)?
9
Let z(m) be the first derivative of 249*m**2/2 + 273*m - 222. What is the thousands digit of z(4)?
1
Suppose i + 5 = t, -3*i = t + i. Suppose 0 = t*y - 3*r - 1297, 5*r - 1 - 4 = 0. What is the units digit of y?
5
Suppose -x = -4*f - 14839 + 1903, -2*x + 25837 = -f. What is the thousands digit of x?
2
Suppose 0*x + 720 = 3*x + 5*t, 4*t = 0. Suppose 52 - 25 - 27 = 114*d. Suppose -v - 44 + x = d. What is the tens digit of v?
9
Let r(p) = -2*p + 60. Let o be 636/(-72) + 2/(-12). Let x be 2/o + (-16)/(-72). What is the tens digit of r(x)?
6
Suppose -11*f = -10*f + 126. Let y = f - -288. What is the tens digit of y?
6
Suppose 44*z - 28*z - 108832 = 0. What is the thousands digit of z?
6
Let k(u) = -753*u**2 - 7*u - 7. Let f(b) = b**2 - 1. Let r(w) = f(w) - k(w). What is the tens digit of r(-1)?
5
Suppose 3*o - 3290 = 5*d, -5*o + 5*d + 3847 + 1653 = 0. Let q = 355 + o. What is the hundreds digit of q?
4
Let g = -325 + 353. Suppose s = -g*s + 8381. What is the tens digit of s?
8
Let d(p) be the second derivative of -1219*p**3/6 + 29*